{"id":1410,"date":"2024-08-21T06:16:21","date_gmt":"2024-08-21T05:16:21","guid":{"rendered":"https:\/\/www.verniersa.ch\/?page_id=1410"},"modified":"2024-08-21T08:18:10","modified_gmt":"2024-08-21T07:18:10","slug":"projet-de-maison-familiale-a-bassecourt","status":"publish","type":"page","link":"https:\/\/www.verniersa.ch\/index.php\/projet-de-maison-familiale-a-bassecourt\/","title":{"rendered":"Projet de Maison Familiale \u00e0 Bassecourt"},"content":{"rendered":"\t\t<div data-elementor-type=\"wp-page\" data-elementor-id=\"1410\" class=\"elementor elementor-1410\" data-elementor-settings=\"[]\">\n\t\t\t\t\t\t\t<div class=\"elementor-section-wrap\">\n\t\t\t\t\t\t\t<section class=\"elementor-element elementor-element-5d03d23 elementor-section-boxed elementor-section-height-default elementor-section-height-default elementor-section elementor-top-section\" data-id=\"5d03d23\" data-element_type=\"section\">\n\t\t\t\t\t\t<div class=\"elementor-container elementor-column-gap-default\">\n\t\t\t\t\t<div class=\"elementor-element elementor-element-e8a2df8 elementor-column elementor-col-33 elementor-top-column\" data-id=\"e8a2df8\" data-element_type=\"column\">\n\t\t\t<div class=\"elementor-widget-wrap elementor-element-populated\">\n\t\t\t\t\t\t\t\t<div class=\"elementor-element elementor-element-c39a5ca elementor-widget elementor-widget-image\" data-id=\"c39a5ca\" data-element_type=\"widget\" data-widget_type=\"image.default\">\n\t\t\t\t<div class=\"elementor-widget-container\">\n\t\t\t\t\t<div class=\"elementor-image\">\n\t\t\t\t\t\t\t\t\t\t<img width=\"1024\" height=\"1024\" src=\"https:\/\/www.verniersa.ch\/wp-content\/uploads\/2024\/08\/annonce-bassecourt-1024x1024.png\" class=\"attachment-large size-large\" alt=\"\" loading=\"lazy\" srcset=\"https:\/\/www.verniersa.ch\/wp-content\/uploads\/2024\/08\/annonce-bassecourt-1024x1024.png 1024w, https:\/\/www.verniersa.ch\/wp-content\/uploads\/2024\/08\/annonce-bassecourt-300x300.png 300w, https:\/\/www.verniersa.ch\/wp-content\/uploads\/2024\/08\/annonce-bassecourt-150x150.png 150w, https:\/\/www.verniersa.ch\/wp-content\/uploads\/2024\/08\/annonce-bassecourt-768x768.png 768w, https:\/\/www.verniersa.ch\/wp-content\/uploads\/2024\/08\/annonce-bassecourt.png 1536w\" sizes=\"(max-width: 1024px) 100vw, 1024px\" itemprop=\"image\" \/>\t\t\t\t\t\t\t\t\t\t\t<\/div>\n\t\t\t\t<\/div>\n\t\t\t\t<\/div>\n\t\t\t\t\t<\/div>\n\t\t<\/div>\n\t\t\t\t<div class=\"elementor-element elementor-element-a1496d6 elementor-column elementor-col-66 elementor-top-column\" data-id=\"a1496d6\" data-element_type=\"column\">\n\t\t\t<div class=\"elementor-widget-wrap elementor-element-populated\">\n\t\t\t\t\t\t\t\t<div class=\"elementor-element elementor-element-8d6e151 elementor-widget elementor-widget-heading\" data-id=\"8d6e151\" data-element_type=\"widget\" data-widget_type=\"heading.default\">\n\t\t\t\t<div class=\"elementor-widget-container\">\n\t\t\t<h2 class=\"elementor-heading-title elementor-size-default\">Projet de Maison Familiale \u00e0 Bassecourt<\/h2>\t\t<\/div>\n\t\t\t\t<\/div>\n\t\t\t\t<section class=\"elementor-element elementor-element-9ca3fc3 elementor-section-content-top elementor-section-boxed elementor-section-height-default elementor-section-height-default elementor-section elementor-inner-section\" data-id=\"9ca3fc3\" data-element_type=\"section\">\n\t\t\t\t\t\t<div class=\"elementor-container elementor-column-gap-default\">\n\t\t\t\t\t<div class=\"elementor-element elementor-element-7e45dcb elementor-column elementor-col-50 elementor-inner-column\" data-id=\"7e45dcb\" data-element_type=\"column\">\n\t\t\t<div class=\"elementor-widget-wrap elementor-element-populated\">\n\t\t\t\t\t\t\t\t<div class=\"elementor-element elementor-element-c28f5f1 elementor-widget elementor-widget-text-editor\" data-id=\"c28f5f1\" data-element_type=\"widget\" data-widget_type=\"text-editor.default\">\n\t\t\t\t<div class=\"elementor-widget-container\">\n\t\t\t\t\t<div class=\"elementor-text-editor elementor-clearfix\"><p><strong>Prix sur demande<br \/><\/strong><\/p><\/div>\n\t\t\t\t<\/div>\n\t\t\t\t<\/div>\n\t\t\t\t\t<\/div>\n\t\t<\/div>\n\t\t\t\t<div class=\"elementor-element elementor-element-e46b98d elementor-column elementor-col-50 elementor-inner-column\" data-id=\"e46b98d\" data-element_type=\"column\">\n\t\t\t<div class=\"elementor-widget-wrap elementor-element-populated\">\n\t\t\t\t\t\t\t\t<div class=\"elementor-element elementor-element-8c6d2b4 elementor-align-center elementor-widget elementor-widget-button\" data-id=\"8c6d2b4\" data-element_type=\"widget\" data-widget_type=\"button.default\">\n\t\t\t\t<div class=\"elementor-widget-container\">\n\t\t\t\t\t<div class=\"elementor-button-wrapper\">\n\t\t\t<a href=\"tel:079%20333%2005%2008\" class=\"elementor-button-link elementor-button elementor-size-xs\" role=\"button\">\n\t\t\t\t\t\t<span class=\"elementor-button-content-wrapper\">\n\t\t\t\t\t\t<span class=\"elementor-button-icon elementor-align-icon-left\">\n\t\t\t\t<i aria-hidden=\"true\" class=\"fas fa-phone-alt\"><\/i>\t\t\t<\/span>\n\t\t\t\t\t\t<span class=\"elementor-button-text\">079 333 05 08<\/span>\n\t\t<\/span>\n\t\t\t\t\t<\/a>\n\t\t<\/div>\n\t\t\t\t<\/div>\n\t\t\t\t<\/div>\n\t\t\t\t\t<\/div>\n\t\t<\/div>\n\t\t\t\t\t\t\t<\/div>\n\t\t<\/section>\n\t\t\t\t<div class=\"elementor-element elementor-element-94b7963 elementor-widget elementor-widget-text-editor\" data-id=\"94b7963\" data-element_type=\"widget\" data-widget_type=\"text-editor.default\">\n\t\t\t\t<div class=\"elementor-widget-container\">\n\t\t\t\t\t<div class=\"elementor-text-editor elementor-clearfix\"><p>D\u00e9couvrez cette magnifique maison sur plans, offrant une surface habitable de 180m\u00b2 avec mat\u00e9riaux de finition \u00e0 choix. Un cadre de vie id\u00e9al pour votre famille dans un quartier r\u00e9sidentiel !<\/p><\/div>\n\t\t\t\t<\/div>\n\t\t\t\t<\/div>\n\t\t\t\t<section class=\"elementor-element elementor-element-abe4d52 elementor-section-content-top elementor-section-boxed elementor-section-height-default elementor-section-height-default elementor-section elementor-inner-section\" data-id=\"abe4d52\" data-element_type=\"section\">\n\t\t\t\t\t\t<div class=\"elementor-container elementor-column-gap-default\">\n\t\t\t\t\t<div class=\"elementor-element elementor-element-20a6f9d elementor-column elementor-col-50 elementor-inner-column\" data-id=\"20a6f9d\" data-element_type=\"column\">\n\t\t\t<div class=\"elementor-widget-wrap elementor-element-populated\">\n\t\t\t\t\t\t\t\t<div class=\"elementor-element elementor-element-1f62ea5 elementor-widget elementor-widget-text-editor\" data-id=\"1f62ea5\" data-element_type=\"widget\" data-widget_type=\"text-editor.default\">\n\t\t\t\t<div class=\"elementor-widget-container\">\n\t\t\t\t\t<div class=\"elementor-text-editor elementor-clearfix\"><p><br \/><a href=\"https:\/\/maps.app.goo.gl\/KuDXMkAyYrH6qSrA8\"><strong>2854 Bassecourt<\/strong><\/a><\/p><\/div>\n\t\t\t\t<\/div>\n\t\t\t\t<\/div>\n\t\t\t\t\t<\/div>\n\t\t<\/div>\n\t\t\t\t<div class=\"elementor-element elementor-element-1252748 elementor-column elementor-col-50 elementor-inner-column\" data-id=\"1252748\" data-element_type=\"column\">\n\t\t\t<div class=\"elementor-widget-wrap\">\n\t\t\t\t\t\t\t\t\t<\/div>\n\t\t<\/div>\n\t\t\t\t\t\t\t<\/div>\n\t\t<\/section>\n\t\t\t\t\t<\/div>\n\t\t<\/div>\n\t\t\t\t\t\t\t<\/div>\n\t\t<\/section>\n\t\t\t\t<section class=\"elementor-element elementor-element-cf597fc elementor-section-content-middle elementor-section-boxed elementor-section-height-default elementor-section-height-default elementor-section elementor-top-section\" data-id=\"cf597fc\" data-element_type=\"section\">\n\t\t\t\t\t\t<div class=\"elementor-container elementor-column-gap-default\">\n\t\t\t\t\t<div class=\"elementor-element elementor-element-c379d72 elementor-column elementor-col-50 elementor-top-column\" data-id=\"c379d72\" data-element_type=\"column\">\n\t\t\t<div class=\"elementor-widget-wrap elementor-element-populated\">\n\t\t\t\t\t\t\t\t<div class=\"elementor-element elementor-element-d9b9da8 elementor-widget elementor-widget-image-gallery\" data-id=\"d9b9da8\" data-element_type=\"widget\" data-widget_type=\"image-gallery.default\">\n\t\t\t\t<div class=\"elementor-widget-container\">\n\t\t\t\t\t<div class=\"elementor-image-gallery\">\n\t\t\t\n\t\t<style type=\"text\/css\">\n\t\t\t#gallery-1 {\n\t\t\t\tmargin: auto;\n\t\t\t}\n\t\t\t#gallery-1 .gallery-item {\n\t\t\t\tfloat: left;\n\t\t\t\tmargin-top: 10px;\n\t\t\t\ttext-align: center;\n\t\t\t\twidth: 50%;\n\t\t\t}\n\t\t\t#gallery-1 img {\n\t\t\t\tborder: 2px solid #cfcfcf;\n\t\t\t}\n\t\t\t#gallery-1 .gallery-caption {\n\t\t\t\tmargin-left: 0;\n\t\t\t}\n\t\t\t\/* see gallery_shortcode() in wp-includes\/media.php *\/\n\t\t<\/style>\n\t\t<div id='gallery-1' class='gallery galleryid-1410 gallery-columns-2 gallery-size-large'><dl class='gallery-item'>\n\t\t\t<dt class='gallery-icon landscape'>\n\t\t\t\t<a data-elementor-open-lightbox=\"yes\" data-elementor-lightbox-slideshow=\"d9b9da8\" data-elementor-lightbox-title=\"maison-bassecourt-5\" href='https:\/\/www.verniersa.ch\/wp-content\/uploads\/2024\/08\/maison-bassecourt-5.png'><img width=\"1024\" height=\"576\" src=\"https:\/\/www.verniersa.ch\/wp-content\/uploads\/2024\/08\/maison-bassecourt-5-1024x576.png\" class=\"attachment-large size-large\" alt=\"\" loading=\"lazy\" srcset=\"https:\/\/www.verniersa.ch\/wp-content\/uploads\/2024\/08\/maison-bassecourt-5-1024x576.png 1024w, https:\/\/www.verniersa.ch\/wp-content\/uploads\/2024\/08\/maison-bassecourt-5-300x169.png 300w, https:\/\/www.verniersa.ch\/wp-content\/uploads\/2024\/08\/maison-bassecourt-5-768x432.png 768w, https:\/\/www.verniersa.ch\/wp-content\/uploads\/2024\/08\/maison-bassecourt-5-1536x864.png 1536w, https:\/\/www.verniersa.ch\/wp-content\/uploads\/2024\/08\/maison-bassecourt-5.png 1920w\" sizes=\"(max-width: 1024px) 100vw, 1024px\" itemprop=\"image\" \/><\/a>\n\t\t\t<\/dt><\/dl><dl class='gallery-item'>\n\t\t\t<dt class='gallery-icon landscape'>\n\t\t\t\t<a data-elementor-open-lightbox=\"yes\" data-elementor-lightbox-slideshow=\"d9b9da8\" data-elementor-lightbox-title=\"maison-bassecourt-3\" href='https:\/\/www.verniersa.ch\/wp-content\/uploads\/2024\/08\/maison-bassecourt-3.png'><img width=\"1024\" height=\"576\" src=\"https:\/\/www.verniersa.ch\/wp-content\/uploads\/2024\/08\/maison-bassecourt-3-1024x576.png\" class=\"attachment-large size-large\" alt=\"\" loading=\"lazy\" srcset=\"https:\/\/www.verniersa.ch\/wp-content\/uploads\/2024\/08\/maison-bassecourt-3-1024x576.png 1024w, https:\/\/www.verniersa.ch\/wp-content\/uploads\/2024\/08\/maison-bassecourt-3-300x169.png 300w, https:\/\/www.verniersa.ch\/wp-content\/uploads\/2024\/08\/maison-bassecourt-3-768x432.png 768w, https:\/\/www.verniersa.ch\/wp-content\/uploads\/2024\/08\/maison-bassecourt-3-1536x864.png 1536w, https:\/\/www.verniersa.ch\/wp-content\/uploads\/2024\/08\/maison-bassecourt-3.png 1920w\" sizes=\"(max-width: 1024px) 100vw, 1024px\" itemprop=\"image\" \/><\/a>\n\t\t\t<\/dt><\/dl><br style=\"clear: both\" \/><dl class='gallery-item'>\n\t\t\t<dt class='gallery-icon landscape'>\n\t\t\t\t<a data-elementor-open-lightbox=\"yes\" data-elementor-lightbox-slideshow=\"d9b9da8\" data-elementor-lightbox-title=\"maison-bassecourt-2\" href='https:\/\/www.verniersa.ch\/wp-content\/uploads\/2024\/08\/maison-bassecourt-2.png'><img width=\"1024\" height=\"576\" src=\"https:\/\/www.verniersa.ch\/wp-content\/uploads\/2024\/08\/maison-bassecourt-2-1024x576.png\" class=\"attachment-large size-large\" alt=\"\" loading=\"lazy\" srcset=\"https:\/\/www.verniersa.ch\/wp-content\/uploads\/2024\/08\/maison-bassecourt-2-1024x576.png 1024w, https:\/\/www.verniersa.ch\/wp-content\/uploads\/2024\/08\/maison-bassecourt-2-300x169.png 300w, https:\/\/www.verniersa.ch\/wp-content\/uploads\/2024\/08\/maison-bassecourt-2-768x432.png 768w, https:\/\/www.verniersa.ch\/wp-content\/uploads\/2024\/08\/maison-bassecourt-2-1536x864.png 1536w, https:\/\/www.verniersa.ch\/wp-content\/uploads\/2024\/08\/maison-bassecourt-2.png 1920w\" sizes=\"(max-width: 1024px) 100vw, 1024px\" itemprop=\"image\" \/><\/a>\n\t\t\t<\/dt><\/dl><dl class='gallery-item'>\n\t\t\t<dt class='gallery-icon landscape'>\n\t\t\t\t<a data-elementor-open-lightbox=\"yes\" data-elementor-lightbox-slideshow=\"d9b9da8\" data-elementor-lightbox-title=\"maison-bassecourt-4\" href='https:\/\/www.verniersa.ch\/wp-content\/uploads\/2024\/08\/maison-bassecourt-4.png'><img width=\"1024\" height=\"576\" src=\"https:\/\/www.verniersa.ch\/wp-content\/uploads\/2024\/08\/maison-bassecourt-4-1024x576.png\" class=\"attachment-large size-large\" alt=\"\" loading=\"lazy\" srcset=\"https:\/\/www.verniersa.ch\/wp-content\/uploads\/2024\/08\/maison-bassecourt-4-1024x576.png 1024w, https:\/\/www.verniersa.ch\/wp-content\/uploads\/2024\/08\/maison-bassecourt-4-300x169.png 300w, https:\/\/www.verniersa.ch\/wp-content\/uploads\/2024\/08\/maison-bassecourt-4-768x432.png 768w, https:\/\/www.verniersa.ch\/wp-content\/uploads\/2024\/08\/maison-bassecourt-4-1536x864.png 1536w, https:\/\/www.verniersa.ch\/wp-content\/uploads\/2024\/08\/maison-bassecourt-4.png 1920w\" sizes=\"(max-width: 1024px) 100vw, 1024px\" itemprop=\"image\" \/><\/a>\n\t\t\t<\/dt><\/dl><br style=\"clear: both\" \/><dl class='gallery-item'>\n\t\t\t<dt class='gallery-icon landscape'>\n\t\t\t\t<a data-elementor-open-lightbox=\"yes\" data-elementor-lightbox-slideshow=\"d9b9da8\" data-elementor-lightbox-title=\"maison-bassecourt-6\" href='https:\/\/www.verniersa.ch\/wp-content\/uploads\/2024\/08\/maison-bassecourt-6.png'><img width=\"1024\" height=\"576\" src=\"https:\/\/www.verniersa.ch\/wp-content\/uploads\/2024\/08\/maison-bassecourt-6-1024x576.png\" class=\"attachment-large size-large\" alt=\"\" loading=\"lazy\" srcset=\"https:\/\/www.verniersa.ch\/wp-content\/uploads\/2024\/08\/maison-bassecourt-6-1024x576.png 1024w, https:\/\/www.verniersa.ch\/wp-content\/uploads\/2024\/08\/maison-bassecourt-6-300x169.png 300w, https:\/\/www.verniersa.ch\/wp-content\/uploads\/2024\/08\/maison-bassecourt-6-768x432.png 768w, https:\/\/www.verniersa.ch\/wp-content\/uploads\/2024\/08\/maison-bassecourt-6-1536x864.png 1536w, https:\/\/www.verniersa.ch\/wp-content\/uploads\/2024\/08\/maison-bassecourt-6.png 1920w\" sizes=\"(max-width: 1024px) 100vw, 1024px\" itemprop=\"image\" \/><\/a>\n\t\t\t<\/dt><\/dl><dl class='gallery-item'>\n\t\t\t<dt class='gallery-icon landscape'>\n\t\t\t\t<a data-elementor-open-lightbox=\"yes\" data-elementor-lightbox-slideshow=\"d9b9da8\" data-elementor-lightbox-title=\"maison-bassecourt-1\" href='https:\/\/www.verniersa.ch\/wp-content\/uploads\/2024\/08\/maison-bassecourt-1.png'><img width=\"1024\" height=\"576\" src=\"https:\/\/www.verniersa.ch\/wp-content\/uploads\/2024\/08\/maison-bassecourt-1-1024x576.png\" class=\"attachment-large size-large\" alt=\"\" loading=\"lazy\" srcset=\"https:\/\/www.verniersa.ch\/wp-content\/uploads\/2024\/08\/maison-bassecourt-1-1024x576.png 1024w, https:\/\/www.verniersa.ch\/wp-content\/uploads\/2024\/08\/maison-bassecourt-1-300x169.png 300w, https:\/\/www.verniersa.ch\/wp-content\/uploads\/2024\/08\/maison-bassecourt-1-768x432.png 768w, https:\/\/www.verniersa.ch\/wp-content\/uploads\/2024\/08\/maison-bassecourt-1-1536x864.png 1536w, https:\/\/www.verniersa.ch\/wp-content\/uploads\/2024\/08\/maison-bassecourt-1.png 1920w\" sizes=\"(max-width: 1024px) 100vw, 1024px\" itemprop=\"image\" \/><\/a>\n\t\t\t<\/dt><\/dl><br style=\"clear: both\" \/>\n\t\t<\/div>\n\t\t<\/div>\n\t\t\t\t<\/div>\n\t\t\t\t<\/div>\n\t\t\t\t\t<\/div>\n\t\t<\/div>\n\t\t\t\t<div class=\"elementor-element elementor-element-0ca7822 elementor-column elementor-col-50 elementor-top-column\" data-id=\"0ca7822\" data-element_type=\"column\">\n\t\t\t<div class=\"elementor-widget-wrap elementor-element-populated\">\n\t\t\t\t\t\t\t\t<div class=\"elementor-element elementor-element-b3c75d8 elementor-widget elementor-widget-text-editor\" data-id=\"b3c75d8\" data-element_type=\"widget\" data-widget_type=\"text-editor.default\">\n\t\t\t\t<div class=\"elementor-widget-container\">\n\t\t\t\t\t<div class=\"elementor-text-editor elementor-clearfix\"><h3 style=\"margin-bottom:20px\">Caract\u00e9ristiques<\/h3>\n<ul style=\"font-size: 16px; line-height: 30px;\">\n \t<li>4 chambres spacieuses (min. 14m\u00b2 chacune) \ud83d\udecf\ufe0f<\/li>\n \t<li>Cuisine ouverte avec \u00e9conomat sur un grand s\u00e9jour \ud83c\udf7d\ufe0f<\/li>\n \t<li>Bureau id\u00e9al pour le t\u00e9l\u00e9travail \ud83d\udda5\ufe0f<\/li>\n \t<li>Buanderie et r\u00e9duit \ud83e\uddfa<\/li>\n \t<li>2 salles de bain \u00e9l\u00e9gantes \ud83d\udebf<\/li>\n \t<li>Une superbe terrasse couverte de 83m\u00b2, baign\u00e9e de lumi\u00e8re naturelle \u2600\ufe0f<\/li>\n<\/ul>\n<p><strong>Le prix de vente est disponible sur demande.<\/strong><\/p>\n\n<p>Pour toute question ou pour plus de renseignements, contactez Anne-Sophie Vernier au <a href=\"tel:079 333 05 08\" target=\"_blank\" rel=\"noopener\">079 333 05 08<\/a> ou <a href=\"mailto:annesophie@verniersa.ch\" target=\"_blank\" rel=\"noopener\">annesophie@verniersa.ch<\/a><\/p><\/div>\n\t\t\t\t<\/div>\n\t\t\t\t<\/div>\n\t\t\t\t\t<\/div>\n\t\t<\/div>\n\t\t\t\t\t\t\t<\/div>\n\t\t<\/section>\n\t\t\t\t\t\t<\/div>\n\t\t\t\t\t<\/div>\n\t\t","protected":false},"excerpt":{"rendered":"<p>Projet de Maison Familiale \u00e0 Bassecourt Prix sur demande 079 333 05 08 D\u00e9couvrez cette magnifique maison sur plans, offrant une surface habitable de 180m\u00b2 avec mat\u00e9riaux de finition \u00e0 choix. Un cadre de vie id\u00e9al pour votre famille dans un quartier r\u00e9sidentiel ! 2854 Bassecourt Caract\u00e9ristiques 4 chambres spacieuses (min. 14m\u00b2 chacune) &#x1f6cf;&#xfe0f; Cuisine [&hellip;]<\/p>\n","protected":false},"author":3,"featured_media":0,"parent":0,"menu_order":0,"comment_status":"closed","ping_status":"closed","template":"","meta":[],"_links":{"self":[{"href":"https:\/\/www.verniersa.ch\/index.php\/wp-json\/wp\/v2\/pages\/1410"}],"collection":[{"href":"https:\/\/www.verniersa.ch\/index.php\/wp-json\/wp\/v2\/pages"}],"about":[{"href":"https:\/\/www.verniersa.ch\/index.php\/wp-json\/wp\/v2\/types\/page"}],"author":[{"embeddable":true,"href":"https:\/\/www.verniersa.ch\/index.php\/wp-json\/wp\/v2\/users\/3"}],"replies":[{"embeddable":true,"href":"https:\/\/www.verniersa.ch\/index.php\/wp-json\/wp\/v2\/comments?post=1410"}],"version-history":[{"count":16,"href":"https:\/\/www.verniersa.ch\/index.php\/wp-json\/wp\/v2\/pages\/1410\/revisions"}],"predecessor-version":[{"id":1437,"href":"https:\/\/www.verniersa.ch\/index.php\/wp-json\/wp\/v2\/pages\/1410\/revisions\/1437"}],"wp:attachment":[{"href":"https:\/\/www.verniersa.ch\/index.php\/wp-json\/wp\/v2\/media?parent=1410"}],"curies":[{"name":"wp","href":"https:\/\/api.w.org\/{rel}","templated":true}]}}